mon divisor of 2 and l.
2
Suppose 19 + 50 = 3*q. Let r = q + -7. Calculate the highest common divisor of r and 8.
8
Let o be (-1)/2 + 121/2. Let v(w) = w**3 - 3*w**2 + 2*w + 3. Let s be v(3). Let x = 24 - s. What is the highest common divisor of o and x?
15
Suppose 22*v = 8*v + 336. Calculate the greatest common divisor of 6 and v.
6
Let n(v) = -v**2 + 8*v - 9. Let o be n(5). Let m = -5 + 8. Let h = 27 - m. What is the greatest common factor of o and h?
6
Let j be ((-340)/30)/((2/(-3))/1). Calculate the greatest common factor of j and 17.
17
Let a(i) = 4*i**2 + 7*i + 10. Let z be a(-8). What is the highest common divisor of 30 and z?
30
Let m(q) be the second derivative of q**5/20 - 5*q**4/12 + 2*q**3/3 + 5*q**2 - 6*q. Let i be m(5). Calculate the highest common factor of i and 12.
6
Let m(i) = i - 1. Let z be m(-5). Let w = 12 + z. What is the highest common factor of w and 48?
6
Suppose 2*o = 6*o + n - 615, n = -2*o + 307. Calculate the greatest common factor of o and 14.
14
Let t = -39 + 57. Calculate the greatest common divisor of 72 and t.
18
Let g(r) = -r**3 - r**2 - r + 3. Let q(w) = -w - 8. Let t be q(-5). Let y be g(t). Suppose -d - d = -y. What is the highest common factor of 18 and d?
6
Let h be 29/(-3 - (-1 + -1)). Let r = -25 - h. Let k be (24/10)/((-1)/(-15)). Calculate the highest common divisor of k and r.
4
Let g be (-3)/9 + (-14)/(-6). Suppose 3*w = 4*w + 3*h - 78, 378 = 5*w + 3*h. Suppose 7*j - g*j - w = 0. Calculate the highest common divisor of 120 and j.
15
Let n = 13 + -9. Let a = 113 - 67. Suppose -28 = -4*b + n*z, z - 2 - a = -4*b. Calculate the highest common divisor of b and 121.
11
Let z(b) = b - 8. Let u be z(6). Let o = u + 5. Suppose 12 = 3*w - n, o*w - 4*n - 6 = -n. Calculate the greatest common divisor of 15 and w.
5
Let n = -6 - -10. Suppose -l - 2*f + 15 = -2, 5*l + n*f = 79. Suppose 2*u = u + 5. Calculate the greatest common factor of u and l.
5
Suppose 1 = m - 2. Suppose u + m*u = 44. What is the greatest common factor of 77 and u?
11
Let t = 189 + -59. What is the greatest common factor of 26 and t?
26
Suppose 0 = -6*d + 10*d - 120. Calculate the greatest common divisor of 12 and d.
6
Suppose 0 = 4*r - c - 125, c - 105 = -4*r - 2*c. Suppose -3*h + 46 - 139 = -2*t, -2*t - h + 89 = 0. Calculate the greatest common factor of t and r.
15
Suppose u = 2*k - 1, -k = 4*u - 24 + 10. Suppose 8*v = u*v - 5. Let g be (v - -2)/((-2)/(-80)). Calculate the highest common factor of g and 10.
10
Let x = -7 - -11. Suppose 4*g - 228 = 2*g - x*d, 0 = -2*g + 3*d + 221. Calculate the greatest common factor of g and 14.
14
Suppose 4*c - 506 = -2*v + 240, 4*c = v + 749. Suppose 3*q + 2*w = -62 + 623, -3*w - c = -q. What is the greatest common factor of 17 and q?
17
Suppose -221 = -k - 71. What is the highest common divisor of 50 and k?
50
Suppose 204 = l - 418. Suppose 4*n = 82 + l. What is the greatest common factor of 16 and n?
16
Suppose -5*a - 8 + 3 = 0. Let n(z) = 7*z**2 - 2*z - 1. Let h be n(a). What is the greatest common divisor of 12 and h?
4
Let q(r) be the second derivative of r**4/4 + 7*r**3/6 + 5*r**2/2 - 4*r. Let x be q(-5). Calculate the highest common divisor of x and 18.
9
Let r be 4/4*1*5. Suppose r*n = -0*n - 5*y + 265, 0 = -5*n + 4*y + 283. What is the highest common divisor of n and 22?
11
Let v be 4/(1/(4*-1)). Let t be (-268)/v - 1/(-4). Calculate the highest common factor of t and 17.
17
Let v be (-172)/(-14) + 20/(-70). Calculate the greatest common factor of v and 12.
12
Let n = 153 - 91. Suppose 5*q - q = -2*c + n, 2*q - 37 = -3*c. Suppose -l + q = 4. What is the greatest common divisor of l and 70?
10
Let n be -74*2/(-12)*6. Suppose -2*i + 2*x - 6 = -44, 2*x = -5*i + n. Calculate the greatest common factor of 80 and i.
16
Let x = -3 - -6. Suppose 0 = x*t + 2*t - 40. Let i = 5 + -1. Calculate the greatest common factor of i and t.
4
Let k = 8 - 8. Suppose 0 = -3*i + 3 - k. Calculate the greatest common divisor of 8 and i.
1
Let w = -88 + 124. What is the highest common divisor of w and 24?
12
Let h = -41 + 169. Calculate the highest common divisor of h and 16.
16
Let c(h) = 0*h - h + 1 + 12. Let b be c(9). Let w be 68/6 - b/(-6). Calculate the highest common factor of w and 60.
12
Let g = -176 + 320. Let p be ((-8)/(-3) - 3)*-147. Suppose 2*u - p = -u + f, 0 = -f + 5. What is the highest common factor of g and u?
18
Let z be 1401/5 - 5/25. What is the highest common divisor of z and 28?
28
Suppose i - q - 13 = 14, 60 = 3*i + 4*q. Let r be (-219 + 3)/(-5 + 4). What is the greatest common factor of i and r?
24
Let z = -2 - 1. Let i be 0 + -1 + z + 49. Calculate the greatest common divisor of 30 and i.
15
Let f = 25 + -6. Let k be (-4 + 7 + (-13)/3)*-114. Calculate the greatest common factor of f and k.
19
Let r = 23 + -15. Suppose q = 3*q - r. Calculate the greatest common divisor of q and 20.
4
Suppose 0 = 2*d + 5*k - 27, 2*d + 3*k - 2*k = 15. Calculate the highest common divisor of 21 and d.
3
Let h be (-2 + -22)/((-12)/136)*1. Calculate the greatest common divisor of h and 34.
34
Let u be 3/9 - (-16)/6. Suppose -4*m + m + 6 = 0. Suppose 0 = s - m*s + 6. Calculate the greatest common factor of u and s.
3
Suppose 3*c + 11 = -1. Let i = 15 + c. Let n be (13 - (0 + 2))*5. What is the greatest common divisor of n and i?
11
Let g = 13 + -10. Suppose 5*k - 8 = -g. Calculate the greatest common divisor of 1 and k.
1
Let g = -20 + 23. Suppose -4*r + g*j = -108, 5*r + 5*j = 2*r + 52. What is the greatest common factor of r and 8?
8
Suppose -o + 20 = 14. What is the greatest common factor of o and 42?
6
Let x = -10 + 6. Let p be -2 - x - (-51 + -2). What is the greatest common divisor of p and 5?
5
Suppose 0*y + 5*g + 50 = 5*y, -27 = -3*y + 4*g. Suppose -3*p - 208 = -5*p. Calculate the greatest common divisor of y and p.
13
Let c(t) = t**3 - 7*t**2 - 3*t + 5. Let i be c(8). Calculate the highest common factor of 9 and i.
9
Let a = 68 - 38. Let m = a + -21. Let o(i) = i**2 - i + 7. Let x be o(8). What is the greatest common divisor of x and m?
9
Let c be 413/35 - -1*(-1)/(-5). Calculate the greatest common factor of 24 and c.
12
Let v = -4 - -7. Suppose -36 = -3*b + b. Let c = b + -9. Calculate the greatest common divisor of c and v.
3
Suppose -194 = -2*v + 100. Calculate the highest common factor of 21 and v.
21
Let g(i) = 6*i - 6. Let m be g(4). Suppose t + m = -2*t. Let q be (-9)/(-3) - 1 - t. What is the highest common factor of q and 4?
4
Let l be 1*-2*(-418)/44. Calculate the highest common factor of 190 and l.
19
Let n(h) = -h**3 + h**2 + 2*h - 3. Let a be n(2). Let y be ((-2)/a)/((-4)/(-54)). Suppose -1 = -5*l + y. What is the greatest common divisor of l and 2?
2
Suppose 162 + 54 = 2*s. Suppose -5*b + s = -567. What is the highest common factor of b and 15?
15
Let d = 32 - 18. Suppose -31 - d = -5*y. Suppose 5*i = 38 + 7. Calculate the greatest common divisor of i and y.
9
Suppose -7 = -5*j + 63. What is the greatest common factor of j and 2?
2
Suppose 4 = 2*i, -3*s + i + 2*i = -3. Let l be 54/6*8/s. Suppose 18 = d - 5*a + 6, 3*a = -d + 12. Calculate the highest common factor of l and d.
12
Let q(w) = -3*w - 6. Let t be q(-6). Suppose -3*c - 96 = -4*y, -3*y - 3*c - 28 = -100. What is the highest common divisor of t and y?
12
Suppose -2*l = g - 7, 0*l = -4*g + 4*l + 4. Suppose -g*r + 7*r - 144 = 0. What is the highest common factor of 6 and r?
6
Let u(s) = -2*s**2 - 12*s - 2. Let g be u(-5). What is the greatest common divisor of g and 64?
8
Let w be 57/(18/6) + 9/(-3). What is the highest common divisor of w and 96?
16
Let y be (-3)/(2/(2*71)). Let n = -118 - y. Suppose -z = -4*m + 151, m = 3*m + 4*z - 80. What is the greatest common divisor of n and m?
19
Let o = 12 - 10. Let m(l) = 2*l + 3*l - 1 - 4*l - 2. Let t be m(4). What is the highest common factor of o and t?
1
Let l be 125*5/6 + (-2)/12. What is the highest common divisor of l and 13?
13
Let a(m) = -m**2 + 12*m + 5. Let p be a(12). Let f be ((-6)/(-4))/((-1)/(-30)). What is the highest common factor of p and f?
5
Let y be (-88)/(-6) - 1/(-3). Let j = 87 + -42. What is the highest common divisor of y and j?
15
Let s(k) = -k**3 - k**2 + 3. Let h be s(0). Suppose -h*w + w = 6. Let a = w - -8. Calculate the highest common divisor of a and 15.
5